et t = 260 + h. What is the units digit of t?
6
Suppose -67*y - 1290 = -72*y. What is the units digit of y?
8
Let m(c) = -7*c + 7. Let x(r) = 15*r - 15. Let v(o) = 7*m(o) + 3*x(o). Let l be v(-7). Suppose -k = h - l, -4*k - h = -3*h - 116. What is the tens digit of k?
3
Suppose -3*j - 3*f = -0*j + 33, 3*j + 38 = -4*f. Let o = 23 - 31. Let a = j - o. What is the units digit of a?
2
Suppose 83*g = 99*g - 240. What is the units digit of g?
5
Let v be 19/38*(-4)/(-1). Suppose 2*n - 384 = -v*n. What is the units digit of n?
6
Let g be 2 - ((-9 - -3) + 2). Let c = 31 - g. Let l = c - 19. What is the units digit of l?
6
Let b(t) = 90*t**2 + 6*t - 18. What is the tens digit of b(3)?
1
What is the hundreds digit of 126135/(-15)*3/(-9)?
8
Suppose -8*z + 20 + 4 = 0. Suppose 5*m + 427 = 4*n, z*n = -2*n - m + 512. What is the units digit of n?
3
Let q = -9 + 459. What is the units digit of q?
0
Let f(m) = -m**3 + m**3 + 20 + 11*m**2 + 8*m + 2*m**3 - m**3. What is the units digit of f(-10)?
0
Let f = 1 - 2. Let x be (8/(-8))/(f/(-9)). Let c = -4 - x. What is the units digit of c?
5
Suppose 5*s - 21 - 24 = -3*l, -5*l = -s - 47. Let b = l - -6. What is the units digit of b?
6
What is the units digit of 2*21*(-16 + 29)?
6
Suppose 22*y = y - 672. Let s be (2 - 2) + 61/1. Let j = y + s. What is the units digit of j?
9
Let p(v) = v + 16. Let s be p(-17). What is the tens digit of s - (-15)/(-5) - -44?
4
Suppose -m - 3*b = 3*m - 79, 5*b - 57 = -2*m. Let d be m/(-10) + (-6)/(-10). What is the units digit of (d - 3)/(2/(-3))?
6
Let x = -53 - -58. What is the tens digit of (75/(-9))/x*-33?
5
Let u = -26 + 28. Suppose -u*v = -5*z + 337, -v - 56 = -z + 9. What is the tens digit of z?
6
Let l be 9/54 + 578/(-12). Let i = l - -95. Let m = 71 - i. What is the units digit of m?
4
Let g be 236/(-6)*(-4 + 1). Suppose 138 + g = -4*p. Let h = p - -111. What is the units digit of h?
7
Let j(m) = -36*m. Let y(v) = -v + 11. Let r be y(12). What is the units digit of j(r)?
6
Let i = 396 + 13. What is the units digit of i?
9
Suppose 0 = 4*o + 4, -2*d - 66 = 2*d + 2*o. Let m(g) = -g - 22. Let b be m(d). What is the tens digit of (-46)/2*b/6?
2
Suppose -765*z - 59140 = -785*z. What is the thousands digit of z?
2
Suppose -944 = -3*n + 4*q, 0 = 2*n + q - 2*q - 621. What is the hundreds digit of n?
3
Let v be (3 + 39/(-15))/((-2)/(-20)). Suppose 0 = -2*w + v*w - 150. What is the units digit of w?
5
Suppose -3*m = 3*m + 264. Let x = m + 114. What is the tens digit of x?
7
What is the units digit of (1/(-2))/(-3*(-3)/(-7020))?
0
Let y = 78 - 78. Suppose 200 = 2*p - y*p. What is the tens digit of p?
0
What is the tens digit of 1 + 7/(-9) - 3614/(-18)?
0
Let s(j) = -j**2 - 4*j - 4. Let c be s(-3). Let l be c/(266/(-66) - -4). Suppose -37 = -5*i + l. What is the units digit of i?
4
Suppose 12*r = -2247 + 29451. What is the thousands digit of r?
2
Let k(g) = -4*g - 3*g - 3 + g**3 + 3*g**2 + 3*g**2. Suppose n = -2*a - n - 8, 4*a = -2*n - 20. What is the units digit of k(a)?
9
Suppose 103*c + 11417 = 110*c. What is the thousands digit of c?
1
Suppose -13*r - 626 + 17500 = 0. What is the units digit of r?
8
Let g(n) = -1. Let w(x) = x - 5. Let o(p) = 5*g(p) + w(p). Let q be o(12). Suppose q*v - 31 + 5 = 0. What is the units digit of v?
3
Suppose 95*n + 4*r = 92*n + 4106, 5*r = -5*n + 6850. What is the tens digit of n?
7
Let y(s) = -5*s + 16. Let a be ((-72)/(-48))/(6/(-20)). What is the units digit of y(a)?
1
Let u = 109 - -185. What is the units digit of u?
4
Suppose 5*u + a - 24 + 7 = 0, 0 = -4*u - 3*a + 18. Suppose -c + 5*w + 14 = -u, 0 = 4*c - 3*w - 153. What is the units digit of c?
2
Suppose 6*t + 45 = t + 2*o, -4*t = -4*o + 48. What is the tens digit of (-4)/t*(-2254)/(-28)?
4
Let k = 1412 - 529. What is the tens digit of k?
8
Suppose 0 = -2*j - 2*v + 30, -j - 2*v = -7*v - 21. Suppose w - j = -4*r, w - 51 = -3*w - 3*r. What is the units digit of w?
2
Let m be (63/(-2))/(36/(-8) - -4). Suppose -6*q = -9*q + m. What is the units digit of q?
1
Let r(j) = 8*j - 60. What is the tens digit of r(25)?
4
Let a be (-12)/8*(-52)/3. What is the units digit of 3 + a*(-2 - (-20)/8)?
6
Suppose -z - z = -3*a - 1033, 0 = -5*z + 2*a + 2599. What is the hundreds digit of z?
5
Suppose -1 = -3*s + 4*y + 6, -3*s = 5*y + 29. Let w be -4 + 1 - (s - 0). Suppose w = -4*b + b + 159. What is the units digit of b?
3
What is the hundreds digit of (-12 + 108/10)/((-2)/615)?
3
Suppose 0 = -8*r + 4*r + 3740. What is the hundreds digit of r?
9
Let c = -48 + 36. Let b(f) = -f**2 - 15*f - 4. What is the tens digit of b(c)?
3
Suppose 77 + 128 = 5*z. What is the tens digit of z?
4
Let x be -14*1/((-5)/(-10)). Let t = x + 178. What is the tens digit of t?
5
Suppose -c - 4*q - 125 = 129, 0 = 4*c + 4*q + 992. Let d = -134 - c. Suppose -17*h = -19*h + d. What is the tens digit of h?
5
Suppose -5*z + 5*w = -3970 - 13120, -2*w = -5*z + 17105. What is the units digit of z?
3
Let k be 1635/21 - 3/(-21). Let i = k + -6. What is the units digit of i?
2
Let g be (-1)/3 - 371/21. Let p(d) = 2*d**2 + 30*d - 12. What is the units digit of p(g)?
6
Suppose 4*m = 2*y - 8, 0 = -2*m + 7*m - y + 4. Let b(v) = -2*v**2 - 2*v + 28. What is the tens digit of b(m)?
2
Suppose -51*f + 89164 = -169355. What is the thousands digit of f?
5
Suppose 0 = l + 2*l - 4*i - 1182, -4*i - 1970 = -5*l. What is the hundreds digit of l?
3
Let n(c) = -3*c**3 + 6*c**2 - 2*c + 9. Let u be n(6). Let h = -211 - u. What is the units digit of h?
4
Let z be 3590/45 + 4/18. Let l be (27/(-12))/((-6)/z). Suppose 4*d + 3 = j, -3*j - j - 2*d = -l. What is the units digit of j?
7
Let i(u) = -6*u + 13. Let p be (-1)/3 + (-28)/6 + 2. What is the tens digit of i(p)?
3
Suppose -3*a + 8 = -1. Let k be (3 - 11/a)*-3. Suppose k*m = 4*f - 0*f + 20, -4*m = 2*f - 20. What is the units digit of m?
6
Let d(k) = 25*k**2 - 57*k - 291. What is the hundreds digit of d(-5)?
6
What is the thousands digit of (-5)/(55/(-22))*999?
1
Let j = 6 + -3. Suppose 0 = j*c + 2*c - 205. Let y = -27 + c. What is the tens digit of y?
1
Suppose 346 = 7*y - 256. Let l = y + 43. What is the units digit of l?
9
Let d(u) = u**3 - 11*u**2 - u + 11. Let q be d(11). Let o be (q - 2) + (-232)/(-4). What is the tens digit of (27/6)/(6/o)?
4
Let g(m) = -49*m - 1 + 7 + 50*m - 1. Let l be g(-13). Let o = l - -16. What is the units digit of o?
8
Suppose -2*n + 2*m + 2774 = 0, -15*m = 5*n - 11*m - 6890. What is the hundreds digit of n?
3
Suppose 24*w - 10479 - 5889 = 0. What is the tens digit of w?
8
Let t(x) = x**2 + 14*x - 17. Let w be t(-15). What is the units digit of w + 6 + -1 - -41?
4
Let u(y) = y**2 - 2*y**2 + 1 - y + 4*y**2. Let x be u(1). Suppose m - 3*f - 13 = 0, 4*f = -5 - x. What is the units digit of m?
7
Suppose -r - 3*r = 4*u + 96, 3*r + 75 = -2*u. Let z = 28 + r. What is the units digit of ((-1)/3)/(z/(-30))?
0
Suppose 5*m = 2*w + 14, 5*w + 4 = -m - 4. What is the tens digit of (4 + -167)*(-3 + m)?
6
Suppose -5*y - 33 = -3. Let f be 20/6*y/4. Let a(d) = d**2 + 5*d + 5. What is the units digit of a(f)?
5
Let k be ((-52)/12 + 4)*39. Let c be (-6 - k)*(-4)/(-14). Suppose -c*j + 2*s = -j - 28, 5 = -s. What is the tens digit of j?
1
Suppose -47 = 6*h - 191. What is the units digit of h?
4
Let g = 10 + -6. Suppose -g*z + 0*b - 205 = b, -3*z - 170 = 4*b. What is the units digit of (9/5)/((-15)/z)?
6
Suppose -98*d + 2*j + 1846 = -95*d, 0 = -2*d - 2*j + 1244. What is the hundreds digit of d?
6
Let n(t) = -t + 15. Suppose -2*a + 13 + 9 = 0. Let u be n(a). Suppose 0 = 4*o - 6*o, -4*o + 116 = u*q. What is the units digit of q?
9
What is the tens digit of (11/((-11)/(-4106)))/2?
5
Let v be (-20)/(-130) - 80/13. Let r(w) = -15*w + 13. Let t be r(v). Let k = -54 + t. What is the tens digit of k?
4
Suppose -5*k + 102 = -4*u + 19, -3*u = k - 9. Suppose -12 = -533*i + 527*i. Suppose -h + k = i*r - 3*r, -59 = -4*h + 3*r. What is the tens digit of h?
1
Suppose -4*n + 72 = -4*d, 2*d + 3*n = -2*n - 36. Let a(g) = -g**2 - 22*g + 20. What is the tens digit of a(d)?
9
Let z(p) = 466*p**2 + 7*p + 8. What is the hundreds digit of z(-1)?
4
Let u be 6 - ((1 - -4) + -4). What is the tens digit of (66/u)/(21/70)?
4
Suppose 0 = 2*r + 2 - 6. Let w(c) = 2*c**2 - c**3 + c**r + 7 + 2*c**2 + 4*c. What is the tens digit of w(5)?
2
What is the